{"id":792,"date":"2024-08-20T23:31:11","date_gmt":"2024-08-21T02:31:11","guid":{"rendered":"https:\/\/igramal.com.br\/?page_id=792"},"modified":"2024-08-20T23:31:11","modified_gmt":"2024-08-21T02:31:11","slug":"superficeis-ultracompactas","status":"publish","type":"page","link":"https:\/\/igramal.com.br\/index.php\/superficeis-ultracompactas\/","title":{"rendered":"Superf\u00edceis Ultracompactas"},"content":{"rendered":"\n<p>\u00c9 tamb\u00e9m um material industrializado, de alt\u00edssima resistencia a riscos, manchas e raios UV, com uma varia\u00e7\u00e3o imensa de cores e veios, existindo no acabamento polido e acetinado. Podendo ser facilmente utilizado em \u00e1reas externas com incid\u00eancia direta do sol.<\/p>\n\n\n\n<p>Hoje em dia, existem diversos fabricantes desse tipo de produto, o que tornou o material mais acess\u00edvel financeiramente.<\/p>\n","protected":false},"excerpt":{"rendered":"<p>\u00c9 tamb\u00e9m um material industrializado, de alt\u00edssima resistencia a riscos, manchas e raios UV, com uma varia\u00e7\u00e3o imensa de cores e veios, existindo no acabamento polido e acetinado. Podendo ser facilmente utilizado em \u00e1reas externas com incid\u00eancia direta do sol. Hoje em dia, existem diversos fabricantes desse tipo de produto, o que tornou o material [&hellip;]<\/p>\n","protected":false},"author":1,"featured_media":0,"parent":0,"menu_order":0,"comment_status":"closed","ping_status":"closed","template":"","meta":{"_joinchat":[],"footnotes":""},"class_list":["post-792","page","type-page","status-publish","hentry"],"blocksy_meta":[],"featured_image_urls":{"full":"","thumbnail":"","medium":"","medium_large":"","large":"","1536x1536":"","2048x2048":""},"post_excerpt_stackable":"<p>\u00c9 tamb\u00e9m um material industrializado, de alt\u00edssima resistencia a riscos, manchas e raios UV, com uma varia\u00e7\u00e3o imensa de cores e veios, existindo no acabamento polido e acetinado. Podendo ser facilmente utilizado em \u00e1reas externas com incid\u00eancia direta do sol. Hoje em dia, existem diversos fabricantes desse tipo de produto, o que tornou o material mais acess\u00edvel financeiramente.<\/p>\n","category_list":"","author_info":{"name":"suporte","url":"https:\/\/igramal.com.br\/index.php\/author\/suporte\/"},"comments_num":"0 coment\u00e1rio","_links":{"self":[{"href":"https:\/\/igramal.com.br\/index.php\/wp-json\/wp\/v2\/pages\/792","targetHints":{"allow":["GET"]}}],"collection":[{"href":"https:\/\/igramal.com.br\/index.php\/wp-json\/wp\/v2\/pages"}],"about":[{"href":"https:\/\/igramal.com.br\/index.php\/wp-json\/wp\/v2\/types\/page"}],"author":[{"embeddable":true,"href":"https:\/\/igramal.com.br\/index.php\/wp-json\/wp\/v2\/users\/1"}],"replies":[{"embeddable":true,"href":"https:\/\/igramal.com.br\/index.php\/wp-json\/wp\/v2\/comments?post=792"}],"version-history":[{"count":2,"href":"https:\/\/igramal.com.br\/index.php\/wp-json\/wp\/v2\/pages\/792\/revisions"}],"predecessor-version":[{"id":794,"href":"https:\/\/igramal.com.br\/index.php\/wp-json\/wp\/v2\/pages\/792\/revisions\/794"}],"wp:attachment":[{"href":"https:\/\/igramal.com.br\/index.php\/wp-json\/wp\/v2\/media?parent=792"}],"curies":[{"name":"wp","href":"https:\/\/api.w.org\/{rel}","templated":true}]}}